on factor of 2 and m?
2
Let c = 37 + -21. Suppose 4*z - 110 = 2*z. Suppose -2*r + 135 - z = 0. Calculate the highest common divisor of r and c.
8
Suppose 2*t + y - 104 = t, 3*y = -5*t + 510. What is the highest common factor of t and 9?
9
Let r(t) = t**2 - t + 12. Let n be r(0). Suppose 618 = 14*b - 222. What is the greatest common factor of b and n?
12
Let j(d) = 3*d**2 + 4*d - 9. Let w be j(-6). Let u be 182/5 - 30/w. Calculate the greatest common divisor of u and 4.
4
Suppose -k - 2 = k. Let x be k/3*-2*21. Let c be -2*(-28)/(-16)*-44. Calculate the highest common factor of x and c.
14
Let k be -35*((-16)/10)/2. What is the greatest common divisor of k and 7?
7
Let w = 419 - 243. Calculate the highest common divisor of w and 16.
16
Let u(h) = h**2 + 10*h + 3. Let p be u(-7). Let v be (0 + 4)/((-3)/p). Let l = 79 + -19. Calculate the greatest common divisor of v and l.
12
Let y(q) = q**3 - 7*q**2 + 6*q + 9. Let i be y(6). Suppose -p = -4*v + 93 + 46, 0 = 4*v - 5*p - 119. What is the highest common factor of i and v?
9
Let h = 146 + -79. Let w = h - 47. Suppose -8 = 2*k - 4*k. What is the greatest common divisor of k and w?
4
Suppose -3*w + 34 = -5*f, 3*w - 14 = 5*w + 4*f. Let q = -7 - w. Let j = 2 - q. Calculate the highest common divisor of j and 12.
12
Let s = 16 + -6. Let k be (-2)/(-5) - (-36)/s. Calculate the highest common factor of 16 and k.
4
Let p(c) = c**3 + 11*c**2 + 10*c. Let n be p(-10). Let j = 7 - n. Calculate the greatest common factor of j and 7.
7
Suppose 17 + 3 = b. Calculate the highest common divisor of 20 and b.
20
Suppose -p - 250 = 4*q + 2*p, 0 = -p + 2. Let a = q + 127. Calculate the greatest common factor of a and 7.
7
Let r(m) = m**2 + 3*m - 8. Let c be r(-6). Let s(w) = 11*w - 11. Let y be s(c). What is the greatest common factor of y and 9?
9
Suppose -6*q = -3*q - 45. Calculate the greatest common factor of q and 6.
3
Let l = -17 - 23. Let g be ((-32)/l)/(2/125). Calculate the greatest common factor of 125 and g.
25
Suppose -6*p + 40 = -4*p. Suppose -2*y + p = 3*y. Suppose -y*f - f = -80. What is the greatest common divisor of f and 24?
8
Let s be (-1)/5 + 1162/10. Suppose s = 4*t - 324. Let q = t + -46. What is the greatest common divisor of 16 and q?
16
Let w(v) = -v**3 - 5*v**2 + 6*v + 4. Let r be w(-6). Suppose -b + r*b + 28 = h, -h + 32 = -5*b. Calculate the highest common factor of 55 and h.
11
Suppose 2*i - 2*l - 40 - 12 = 0, 4*l = -i + 51. Suppose i - 11 = 5*c. Let o be (-8)/10*(2 - 42). Calculate the highest common divisor of c and o.
4
Let s be 6/(-15)*-5 - -34. What is the greatest common divisor of s and 4?
4
Suppose 15 = k - 4*n, -20 = -5*k - 5*n + 5. Calculate the greatest common factor of k and 7.
7
Suppose -4*b = 2*n - 512, 4*b - 3*n + 0*n = 492. What is the greatest common factor of b and 18?
18
Let v = 19 + -1. Suppose -r - 17 = 26*l - 21*l, -3*l = r + 9. What is the highest common factor of r and v?
3
Let w = -100 + 165. Calculate the highest common factor of w and 13.
13
Let q = 8 - -18. What is the highest common divisor of q and 65?
13
Suppose 4*c - c = 39. Suppose 3*m = b - m - c, -37 = -4*b + m. Calculate the greatest common factor of b and 27.
9
Let j(v) = 4*v**2 - 7*v + 6. Let z be j(-4). Calculate the highest common divisor of 14 and z.
14
Let x = -6 - -12. Suppose 0 = -3*d - 4*v + 1015, x*d + 3*v = 2*d + 1344. Let q be 1/4 - d/(-12). What is the greatest common divisor of q and 7?
7
Let a be 3*(4/2)/2. Let o = -23 - -47. Suppose -r + o = 3*r. Calculate the highest common factor of a and r.
3
Let t(g) = 12*g**2 + g. Let r be t(1). What is the greatest common divisor of r and 91?
13
Let u = 4 - -10. Calculate the greatest common divisor of u and 14.
14
Suppose -106 = 5*u - 3*u. Let a = 31 + u. Let g = 44 + a. Calculate the highest common divisor of g and 11.
11
Let i(a) = 3*a - 6. Let w be i(3). Let q = 5 - w. Calculate the highest common divisor of 22 and q.
2
Let l be (-11)/(-5) + (-2)/10. Suppose 3*n + l*y = 140, y + 0*y = -2. Calculate the greatest common divisor of n and 6.
6
Let w be ((-1)/(-2))/((-2)/(-24)). Suppose 5*g - 66 = -w. Calculate the highest common divisor of g and 60.
12
Suppose 0*p + p - 2 = 0. What is the highest common divisor of 2 and p?
2
Let f be (2*1)/(4 - 5). Let p be 1/f*10/(-1). Calculate the highest common divisor of 55 and p.
5
Suppose 254 = v - 5*m, -3*v - 583 = -5*v - 5*m. Suppose -3*y - 114 = -v. Suppose 5*a = -0*a + y. Calculate the greatest common divisor of a and 55.
11
Suppose -5*p - 4*v = -2*v - 173, -v = 5*p - 174. Let y = 72 + -58. What is the greatest common divisor of y and p?
7
Let t(u) = -u - 1. Let a be t(1). Let y(p) = 2*p**2 + 2 - 3 + 3*p**2. Let q be y(a). What is the highest common divisor of q and 76?
19
Suppose -52 = -o + 5*u, 2*o - 4*u - 9 = 65. Suppose 34*k - 32*k - 6 = 0. What is the highest common factor of k and o?
3
Let o be 25/((-5)/(-4 + 9) + 2). What is the greatest common factor of o and 175?
25
Let f = -96 - -236. Suppose -145 = -4*a + 3*w + 64, -234 = -4*a - 2*w. What is the highest common divisor of f and a?
28
Let c be (-1293)/12 + 2/(-8). Let u = c + 168. What is the highest common factor of u and 12?
12
Let p(x) = -3*x**2 - 4*x + 1. Let f be p(-4). Let d = f + 48. What is the highest common factor of d and 17?
17
Let w = -14 - -20. Let n be w/15*(-4 + -1). Let l be 109 - n*(-2)/(-4). What is the highest common factor of 10 and l?
10
Let y(h) = 4*h. Let a be y(3). Let o be 2*-2 - (-4 - -52)/(-6). What is the highest common divisor of o and a?
4
Let d = 87 - 30. Suppose v = 2*h - 34, 2*h = h + 5*v - 1. What is the highest common divisor of h and d?
19
Suppose 3*m + 72 = 7*m. Let c(n) = -n**2 + 5*n + 3. Let b be c(5). Suppose -27 = -b*l + 27. What is the highest common divisor of l and m?
18
Let x(f) = f**2 + 10*f + 14. Let d be x(-9). Suppose 4*a - 295 = -5*l, -2*l + 3*a + 37 + 58 = 0. What is the greatest common factor of l and d?
5
Suppose -3*r = 2*r + 3*y - 475, -2*y = -10. Suppose -r = -4*s - 0*s + 3*u, 3*s = -2*u + 52. What is the greatest common factor of s and 5?
5
Suppose 2*b = -3*b. Let q be (b - 3)/(15/(-25)). Calculate the greatest common divisor of 2 and q.
1
Let f be 2/((-3)/(-24)*-2). Let m be ((-18)/8)/(3/f). Suppose m*n = 4*n + 24. What is the greatest common divisor of 12 and n?
12
Suppose -5*t + 97 = -323. Suppose 2*u - u + 3*g = t, -u + 68 = -g. Calculate the greatest common factor of 48 and u.
24
Let u = 5 + -1. Let r(f) = 34*f**3 - 4*f**3 + f**2 + 6*f**3 - f. Let w be r(1). Calculate the highest common factor of w and u.
4
Suppose -26*y = -22*y - 72. Let j be 6/(-9) + 137/3. Calculate the greatest common divisor of y and j.
9
Suppose 5*y + f = 4*f + 97, 43 = 3*y + 2*f. What is the highest common divisor of 136 and y?
17
Let o(r) = 14*r - 14. Let v be o(7). What is the highest common factor of 12 and v?
12
Let h(x) = 18*x**2 + x. Let v be h(-1). Calculate the highest common factor of 51 and v.
17
Let q be 12/(-48) - (25/(-4) + 0). What is the highest common divisor of q and 4?
2
Let d = -68 - -70. What is the greatest common factor of d and 22?
2
Let m = 0 - -8. Suppose 7 + 17 = 2*o. What is the highest common factor of m and o?
4
Suppose o + 0*o + 4*g = 5, -4*g = 3*o - 39. Calculate the greatest common factor of o and 136.
17
Suppose 0 = -2*l + 37 + 39. What is the greatest common divisor of 304 and l?
38
Let x = 96 - 61. Suppose -s = 4*s - x. Calculate the greatest common factor of s and 7.
7
Let n be (-6)/57 + (-200)/(-95). Let l(f) = f**3 + 7*f**2 + 7*f + 9. Let z be l(-6). Calculate the highest common divisor of n and z.
1
Let f = -58 + 112. Suppose -69 = -7*n + 57. What is the highest common divisor of n and f?
18
Let u = 48 + -22. Let x(i) = -i**2 + 39. Let v be x(0). What is the greatest common divisor of v and u?
13
Let m(f) = -4*f**3 - f**2 + 2*f - 1. Let o be m(-2). Calculate the highest common divisor of 23 and o.
23
Let j(f) = -2 - f**3 + 2*f + 4*f**2 + f**2 + 0*f**2. Let o = 6 + -1. Let p be j(o). Calculate the greatest common factor of 56 and p.
8
Suppose b - 4*v = -7 + 59, -5*b = 2*v - 260. Suppose 0*h + b = 4*h. Let p = 23 - h. Calculate the highest common divisor of 40 and p.
10
Let q(u) = 2*u**2 - 2*u. Let t be q(5). Calculate the highest common divisor of t and 10.
10
Let c be (